{"id":292,"date":"2026-04-16T11:18:23","date_gmt":"2026-04-16T09:18:23","guid":{"rendered":"https:\/\/shops.schul.ag\/christian-rauch-schule\/?post_type=product&#038;p=292"},"modified":"2026-04-16T11:18:23","modified_gmt":"2026-04-16T09:18:23","slug":"trucker-2-0-2","status":"publish","type":"product","link":"https:\/\/shops.schul.ag\/christian-rauch-schule\/produkt\/trucker-2-0-2\/","title":{"rendered":"TRUCKER 2.0"},"content":{"rendered":"<p>Unisex-Quarter-Zip-Sweatshirt<br \/>\nSet-In-\u00c4rmel<br \/>\nEigenstoff mit Mock-Neck-Kragen<br \/>\nQuartal-Rei\u00dfverschluss vorne<br \/>\n1&#215;1 Ripp an \u00c4rmelb\u00fcndchen und unterem Saum<br \/>\nDoppelnadel-Steppn\u00e4hte an Armloch, \u00c4rmelb\u00fcndchen und unterem Saum<br \/>\nFischgr\u00e4tenband innen am Nacken und am inneren Rei\u00dfverschluss<br \/>\nEigenstoff-Halbmond am Nacken<br \/>\nNormale Passform<br \/>\nQuarter Zip<\/p>\n","protected":false},"excerpt":{"rendered":"<p>Mit Motiv hinten gro\u00df, mittig<\/p>\n","protected":false},"featured_media":128,"template":"","meta":{"_uag_custom_page_level_css":"","_coblocks_attr":"","_coblocks_dimensions":"","_coblocks_responsive_height":"","_coblocks_accordion_ie_support":""},"product_brand":[],"product_cat":[20],"product_tag":[],"class_list":{"0":"post-292","1":"product","2":"type-product","3":"status-publish","4":"has-post-thumbnail","6":"product_cat-sweatshirts","8":"first","9":"instock","10":"taxable","11":"shipping-taxable","12":"purchasable","13":"product-type-variable","14":"has-default-attributes"},"uagb_featured_image_src":{"full":["https:\/\/shops.schul.ag\/christian-rauch-schule\/wp-content\/uploads\/sites\/147\/2025\/08\/feature-KU4Zx8-front-back-ti600_54383_front.jpg",600,600,false],"thumbnail":["https:\/\/shops.schul.ag\/christian-rauch-schule\/wp-content\/uploads\/sites\/147\/2025\/08\/feature-KU4Zx8-front-back-ti600_54383_front-150x150.jpg",150,150,true],"medium":["https:\/\/shops.schul.ag\/christian-rauch-schule\/wp-content\/uploads\/sites\/147\/2025\/08\/feature-KU4Zx8-front-back-ti600_54383_front-300x300.jpg",300,300,true],"medium_large":["https:\/\/shops.schul.ag\/christian-rauch-schule\/wp-content\/uploads\/sites\/147\/2025\/08\/feature-KU4Zx8-front-back-ti600_54383_front.jpg",600,600,false],"large":["https:\/\/shops.schul.ag\/christian-rauch-schule\/wp-content\/uploads\/sites\/147\/2025\/08\/feature-KU4Zx8-front-back-ti600_54383_front.jpg",600,600,false],"1536x1536":["https:\/\/shops.schul.ag\/christian-rauch-schule\/wp-content\/uploads\/sites\/147\/2025\/08\/feature-KU4Zx8-front-back-ti600_54383_front.jpg",600,600,false],"2048x2048":["https:\/\/shops.schul.ag\/christian-rauch-schule\/wp-content\/uploads\/sites\/147\/2025\/08\/feature-KU4Zx8-front-back-ti600_54383_front.jpg",600,600,false],"woocommerce_thumbnail":["https:\/\/shops.schul.ag\/christian-rauch-schule\/wp-content\/uploads\/sites\/147\/2025\/08\/feature-KU4Zx8-front-back-ti600_54383_front-324x324.jpg",324,324,true],"woocommerce_single":["https:\/\/shops.schul.ag\/christian-rauch-schule\/wp-content\/uploads\/sites\/147\/2025\/08\/feature-KU4Zx8-front-back-ti600_54383_front-416x416.jpg",416,416,true],"woocommerce_gallery_thumbnail":["https:\/\/shops.schul.ag\/christian-rauch-schule\/wp-content\/uploads\/sites\/147\/2025\/08\/feature-KU4Zx8-front-back-ti600_54383_front-100x100.jpg",100,100,true]},"uagb_author_info":{"display_name":"Administrator","author_link":"https:\/\/shops.schul.ag\/christian-rauch-schule\/author\/"},"uagb_comment_info":0,"uagb_excerpt":"Mit Motiv hinten gro\u00df, mittig","_links":{"self":[{"href":"https:\/\/shops.schul.ag\/christian-rauch-schule\/wp-json\/wp\/v2\/product\/292","targetHints":{"allow":["GET"]}}],"collection":[{"href":"https:\/\/shops.schul.ag\/christian-rauch-schule\/wp-json\/wp\/v2\/product"}],"about":[{"href":"https:\/\/shops.schul.ag\/christian-rauch-schule\/wp-json\/wp\/v2\/types\/product"}],"wp:featuredmedia":[{"embeddable":true,"href":"https:\/\/shops.schul.ag\/christian-rauch-schule\/wp-json\/wp\/v2\/media\/128"}],"wp:attachment":[{"href":"https:\/\/shops.schul.ag\/christian-rauch-schule\/wp-json\/wp\/v2\/media?parent=292"}],"wp:term":[{"taxonomy":"product_brand","embeddable":true,"href":"https:\/\/shops.schul.ag\/christian-rauch-schule\/wp-json\/wp\/v2\/product_brand?post=292"},{"taxonomy":"product_cat","embeddable":true,"href":"https:\/\/shops.schul.ag\/christian-rauch-schule\/wp-json\/wp\/v2\/product_cat?post=292"},{"taxonomy":"product_tag","embeddable":true,"href":"https:\/\/shops.schul.ag\/christian-rauch-schule\/wp-json\/wp\/v2\/product_tag?post=292"}],"curies":[{"name":"wp","href":"https:\/\/api.w.org\/{rel}","templated":true}]}}